uppose 8*q - 60 = 4. Let d = 4 - 0. Suppose 16 = -4*x - 4*y, -d*x + 24 = 2*y - 6*y. What is the highest common factor of q and x?
1
Suppose 11 + 29 = 4*c. What is the greatest common divisor of 2 and c?
2
Suppose 4*v - 16 = 0, -5*z + v + 15 = -61. What is the highest common factor of z and 12?
4
Let q = 193 - 348. Let g = q - -308. Calculate the greatest common divisor of 17 and g.
17
Let j = 268 + -23. Suppose -j = -s - 4*s. Calculate the highest common divisor of s and 7.
7
Let l = 26 + -25. Let z(j) = 3*j**2 - 3*j + 3. Let g be z(2). Calculate the greatest common factor of g and l.
1
Let c(o) = o**3 - 10*o**2 - 16*o + 14. Let a be c(12). Calculate the greatest common factor of 22 and a.
22
Suppose 20 + 10 = -5*r. Let s be (-33)/r*(4 + -2). Calculate the greatest common divisor of 11 and s.
11
Let v(o) = -o**3 + 4*o**2 + o - 5. Let d be v(3). Let s = 23 - 8. Let h = 36 - s. Calculate the greatest common divisor of h and d.
7
Let c be 2/11 + (-3 - 5215/(-55)). Let j be ((-92)/(-6))/(4/6). What is the greatest common divisor of c and j?
23
Let z = 25 - 13. Let f be (-16)/z*6/(-4). Suppose f*j - 19 = j. What is the greatest common factor of 38 and j?
19
Suppose 4*o = 2*n + 2*o, -8 = -4*n - 4*o. Let k = 3 - 2. Calculate the greatest common divisor of n and k.
1
Suppose -3*n = 2*c - 0*n + 4, -4 = n. Suppose 3*s = -c*q + 4*s + 126, 3*q - 106 = -5*s. Suppose w - 160 = -w. What is the greatest common divisor of w and q?
16
Let w(l) = 20 - 2*l**2 + l**2 - 2*l**3 + l**3. Let v be w(0). Let r(c) = 3*c - 5. Let y be r(5). Calculate the greatest common factor of y and v.
10
Suppose -11 = 2*w + 5*f + 8, f + 20 = 5*w. Let q be -1 - ((-576)/w)/2. Calculate the greatest common factor of 19 and q.
19
Suppose -36 = -g - k, -3*g - 2*k = -8*g + 201. Calculate the greatest common divisor of g and 26.
13
Suppose t - 5 = 4*n, -2*n = 5*t - 6*n - 105. Let g = 36 - 38. Let c = g + 7. Calculate the greatest common divisor of c and t.
5
Suppose -4*c - 448 = -4*o, -2*o - 4*c + 32 + 192 = 0. Calculate the highest common divisor of 7 and o.
7
Let w(i) = -i - 3. Let b = 3 + -6. Let d be w(b). Suppose 0 = 3*m + 2*u - 26, d = -4*m + 2*u + 2*u + 48. Calculate the highest common divisor of m and 10.
10
Let a = 237 + -160. Suppose 2 = m - 22. Let g = 35 - m. What is the highest common divisor of g and a?
11
Suppose 6 = a + a. Suppose -n + 3 + 2 = -a*j, n + 3*j = 11. Calculate the highest common factor of n and 48.
8
Let f be 9/(-6)*28/(-3). Calculate the highest common divisor of f and 35.
7
Let m = -8 - -6. Let x be m + 2 - -1 - -4. Let y be ((-8)/x)/(2/(-5)). What is the greatest common factor of 36 and y?
4
Let t be 6/30 + 4/10*117. Calculate the greatest common divisor of t and 188.
47
Suppose -11 = 2*m - 67. Calculate the highest common divisor of m and 126.
14
Let p be 45/(-54)*6*-1. Suppose 4*q + p*d - 24 = 0, q + 5*d = 7 - 1. What is the greatest common divisor of q and 66?
6
Suppose 0*j + 117 = 3*j. Let z(f) = 6*f**2 + 2*f - 2. Let u be z(2). Calculate the greatest common factor of j and u.
13
Suppose 3*g - 273 = 63. What is the greatest common divisor of g and 16?
16
Suppose -c = -5*c + 64. Let i(u) = u**3 + 5*u**2 + 5*u + 2. Let k be i(-4). Let b be (k - (-176)/1) + 2. What is the highest common factor of b and c?
16
Let g = 24 - 16. Let t(p) = -57*p**3 - 2*p**2 + 1. Let w be t(-1). Calculate the greatest common factor of w and g.
8
Let o = 23 - 5. Let z(a) = a**2 - 3*a - 4. Let p be z(4). Suppose p = 4*k - 5 - 3. Calculate the greatest common factor of k and o.
2
Let a be (-3)/(-12) - (-1095)/20. Let p(v) = 2*v**2 + 7*v - 8. Let o be p(-6). Calculate the highest common factor of o and a.
11
Let b(x) = -x + 7. Let j be b(4). Suppose -216 = -j*o - 4*i, i = 2*i. Calculate the highest common divisor of 18 and o.
18
Let h be (-14 - -2)/((-3)/4). Let c be h + (-1)/(-1)*-1. Calculate the greatest common factor of c and 120.
15
Let h(q) = q + 14. Let x be h(-4). What is the greatest common factor of 40 and x?
10
Suppose -12*i = -13*i + 36. Suppose 0 = -6*d - 12 + i. Suppose 0 = -3*l + 12 + 36. What is the greatest common factor of l and d?
4
Suppose 0 = 6*s - 3*s - 27. Calculate the highest common divisor of s and 81.
9
Let h(l) = -l**3 - 12*l**2 - 11*l - 11. Let d be h(-11). Let g = d - -21. Suppose 4*a - g = 6. Calculate the greatest common divisor of a and 6.
2
Let o(s) = -s**2 + 6*s + 11. Let i be o(6). Suppose -r + 2*b = -5, 3*r - 5*r - 5*b = -37. Calculate the highest common divisor of i and r.
11
Let x(z) = -2*z**3 + 3*z**2 - 5*z - 3. Let g be x(4). Let l = g + 153. What is the highest common divisor of 20 and l?
10
Let j be 8 - 3 - (-3 + -1). Calculate the greatest common factor of 63 and j.
9
Suppose -h - 4*k - 12 = 0, -3*h - k = -4*h + 3. Let y be (-1 - h)/((-7)/147). What is the greatest common divisor of 42 and y?
21
Let u be 3/9 - (-8)/3. Calculate the greatest common factor of 21 and u.
3
Suppose 0 = 5*g - g - 132. Calculate the highest common divisor of g and 11.
11
Let f = -27 + 17. Let z(a) = -5*a - 15. Let u be z(f). Let n(o) = -o**3 + 7*o**2 - 6*o + 5. Let k be n(6). What is the highest common factor of k and u?
5
Suppose 9*z = 4*z + 165. Suppose 11 - z = -2*w. What is the highest common divisor of w and 11?
11
Suppose -s + 8 = i - 0*i, -5*i + 20 = 3*s. What is the greatest common divisor of 30 and s?
10
Let g = 17 - 13. Suppose 0 = -w - 3*q + 11, w - g*w - 3*q = -63. Calculate the highest common factor of w and 234.
26
Let d = 5 + -17. Let r = d - -14. Calculate the highest common factor of r and 14.
2
Let q(m) = -m - 19. Let r be q(-9). Let s = r - -16. Calculate the greatest common divisor of s and 3.
3
Let v = 18 + -9. What is the greatest common factor of v and 63?
9
Let i(v) = -v. Let k be i(-4). Let d = 68 + -32. What is the greatest common divisor of d and k?
4
Let g be (-1 - 2)*8/(-12). Suppose -12 - 28 = -g*l. Calculate the greatest common factor of 4 and l.
4
Let o = 574 - 394. What is the highest common factor of 20 and o?
20
Suppose -f = 2*f + 5*r - 51, -2*r + 34 = 2*f. What is the greatest common divisor of f and 119?
17
Let i be (432/(-15))/((-8)/40). What is the greatest common divisor of 18 and i?
18
Suppose 337 - 97 = 4*h. What is the greatest common divisor of 5 and h?
5
Let t be -120*((-24)/(-9))/(-4). Calculate the highest common divisor of 10 and t.
10
Suppose 5 - 15 = -2*k, -3*b = -5*k + 22. What is the highest common factor of b and 1?
1
Suppose -23*q = -20*q - 27. What is the greatest common divisor of q and 9?
9
Suppose 2*n - 3*n = -10. Suppose n = -5*o + 55. What is the greatest common divisor of o and 45?
9
Let u(n) = -n**3 + 29*n**2 - 28*n + 10. Let v be u(28). Calculate the highest common divisor of v and 40.
10
Let k be -1 + 486/(-6)*-1. Calculate the highest common divisor of k and 40.
40
Let a be 4/10 + 73/5. Suppose -42 = -3*n + 3. Calculate the highest common divisor of n and a.
15
Let u be (-6 - -1)*-2 + 2 + -2. What is the highest common factor of 80 and u?
10
Suppose -3*o = -o + 62. Let h = 39 - o. What is the highest common divisor of h and 7?
7
Let j be 2/(-4) - 4/(-8). Suppose j*z + 2 = z. Let d be (-1 + 0)*-1*5. Calculate the highest common divisor of d and z.
1
Suppose -3*t + 3 = -4*q - 22, -3*q + 6 = 0. What is the greatest common divisor of t and 11?
11
Suppose 2*c = -2*t + 28, 2*t + 3*c = 8*c + 35. Calculate the highest common divisor of 15 and t.
15
Suppose 2*q + 6 + 8 = 0. Let s be (-46)/(-14) - (-2)/q. What is the highest common factor of 9 and s?
3
Suppose 5*u - 30 = 2*u. Calculate the greatest common factor of u and 50.
10
Suppose 154 = 3*f - 62. What is the highest common divisor of f and 8?
8
Let k = -12 - -25. What is the greatest common factor of k and 13?
13
Let o be (-2)/(-9) + 56/(-9). Let m = 4 - o. Let i = m + -1. What is the highest common factor of i and 45?
9
Suppose 2*m + 3*c - 412 = -89, 0 = 2*m + 5*c - 333. What is the highest common factor of 22 and m?
22
Suppose 3 - 16 = -r - 5*h, 0 = 3*r + 5*h - 39. Suppose -2*a + 5*a = 6. Let j be (-54 + 2)*(a - 3). Calculate the greatest common factor of j and r.
13
Let b be 41 + (-4 + 3)*1. What is the greatest common factor of b and 5?
5
Let x(t) = t**2 + 2*t - 6. Let k be x(4). Suppose -3*h + k = 3*b, 5*b + 3*h - 7 - 31 = 0. What is the highest 